{"id":2811,"date":"2025-10-09T06:10:17","date_gmt":"2025-10-09T06:10:17","guid":{"rendered":"https:\/\/northarete.com\/?page_id=2811"},"modified":"2025-10-24T07:49:28","modified_gmt":"2025-10-24T07:49:28","slug":"naar-ansvaret-vokser-men-overblikket-svinder","status":"publish","type":"page","link":"https:\/\/northarete.com\/index.php\/naar-ansvaret-vokser-men-overblikket-svinder\/","title":{"rendered":"Strategisk Fundament"},"content":{"rendered":"\n<div class=\"wp-block-uagb-container uagb-block-4cfc6f52 alignfull uagb-is-root-container\"><div class=\"uagb-container-inner-blocks-wrap\">\n<div class=\"wp-block-uagb-container uagb-block-a60dacaa alignfull uagb-is-root-container\"><div class=\"uagb-container-inner-blocks-wrap\">\n<div class=\"wp-block-uagb-advanced-heading uagb-block-8c6eea4d\"><h2 class=\"uagb-heading-text\">N\u00e5r ansvaret vokser, men overblikket svinder\u2026<\/h2><p class=\"uagb-desc-text\">Den moderne virksomhedsleder navigerer i et konstant krydspres. Nye teknologier skaber muligheder, men ogs\u00e5 usikkerhed. Dette er &#8220;Kontrol-Paradokset&#8221;: F\u00f8lelsen af, at jo mere man k\u00e6mper for at bevare kontrollen, desto mere komplekst og uoverskueligt bliver landskabet.<\/p><\/div>\n\n\n\n<div class=\"wp-block-uagb-container uagb-block-7a868933 alignwide uagb-is-root-container\">\n<div class=\"wp-block-uagb-container uagb-block-ad37b3bc\">\n<div class=\"wp-block-uagb-advanced-heading uagb-block-7acd1367\"><h2 class=\"uagb-heading-text\">Kl\u00f8ften Mellem Potentiale og V\u00e6rdi<\/h2><p class=\"uagb-desc-text\">Potentialet i digitalisering er ubestrideligt, men statistikkerne er brutale: Alt for mange digitale investeringer i danske SMV\u2019er realiserer aldrig den forventede v\u00e6rdi. Man investerer i avanceret software, men ender med at l\u00f8se de forkerte problemer. Man k\u00f8ber et system, der lover effektivitet, men som blot flytter en d\u00e5rlig proces over p\u00e5 en ny platform.<br>Dette er &#8220;v\u00e6rdi-kl\u00f8ften&#8221;: Forskellen mellem teknologiens potentiale og den reelt opn\u00e5ede forretningsm\u00e6ssige gevinst. \u00c5rsagen er n\u00e6sten altid den samme: Man bygger p\u00e5 et ustabilt fundament.<\/p><\/div>\n<\/div>\n\n\n\n<div class=\"wp-block-uagb-container uagb-block-b545affc\">\n<div class=\"wp-block-uagb-image uagb-block-bb154f9b wp-block-uagb-image--layout-default wp-block-uagb-image--effect-static wp-block-uagb-image--align-none\"><figure class=\"wp-block-uagb-image__figure\"><img decoding=\"async\" srcset=\"https:\/\/northarete.com\/wp-content\/uploads\/2025\/10\/isbjerg-Software-teknologi-vs-Processer-arbejdsgange.png ,https:\/\/northarete.com\/wp-content\/uploads\/2025\/10\/isbjerg-Software-teknologi-vs-Processer-arbejdsgange.png 780w, https:\/\/northarete.com\/wp-content\/uploads\/2025\/10\/isbjerg-Software-teknologi-vs-Processer-arbejdsgange.png 360w\" sizes=\"auto, (max-width: 480px) 150px\" src=\"https:\/\/northarete.com\/wp-content\/uploads\/2025\/10\/isbjerg-Software-teknologi-vs-Processer-arbejdsgange.png\" alt=\"\" class=\"uag-image-2823\" width=\"1088\" height=\"960\" title=\"isbjerg Software &amp; teknologi vs Processer &amp; arbejdsgange\" loading=\"lazy\" role=\"img\"\/><\/figure><\/div>\n<\/div>\n<\/div>\n<\/div><\/div>\n<\/div><\/div>\n\n\n\n<div class=\"wp-block-uagb-container uagb-block-06482936 alignfull uagb-is-root-container\"><div class=\"uagb-container-inner-blocks-wrap\">\n<div class=\"wp-block-uagb-container uagb-block-b721b777 alignwide uagb-is-root-container\">\n<div class=\"wp-block-uagb-advanced-heading uagb-block-bf3514c1\"><h2 class=\"uagb-heading-text\">Et Ustoppeligt Fundament F\u00f8rst<\/h2><p class=\"uagb-desc-text\">Et succesfuldt byggeri starter ikke med at v\u00e6lge farven p\u00e5 d\u00f8rene; det starter med et fejlfrit fundament. P\u00e5 samme m\u00e5de starter en succesfuld transformation ikke med at v\u00e6lge software. Den starter med et&nbsp;<strong>Strategisk Fundament<\/strong>&nbsp;\u2013 en dybdeg\u00e5ende analyse og et millimeterpr\u00e6cist design af de processer, der&nbsp;<em>driver<\/em>&nbsp;din forretning.<br><\/p><\/div>\n\n\n\n<div class=\"wp-block-group is-nowrap is-layout-flex wp-container-core-group-is-layout-6c531013 wp-block-group-is-layout-flex\">\n<div class=\"wp-block-uagb-container uagb-block-251be1d5 alignfull uagb-is-root-container\"><div class=\"uagb-container-inner-blocks-wrap\">\n<div class=\"wp-block-group is-nowrap is-layout-flex wp-container-core-group-is-layout-6c531013 wp-block-group-is-layout-flex\">\n<div class=\"wp-block-uagb-container uagb-block-3f06247c\">\n<div class=\"wp-block-uagb-advanced-heading uagb-block-3d2dde71\"><h2 class=\"uagb-heading-text\">Problemet er korrekt defineret<\/h2><p class=\"uagb-desc-text\">Vi adskiller symptomer fra \u00e5rsager og sikrer, at vi l\u00f8ser de udfordringer, der reelt bremser v\u00e6ksten.<\/p><\/div>\n<\/div>\n<\/div>\n<\/div><\/div>\n\n\n\n<div class=\"wp-block-uagb-container uagb-block-ac1e8038 alignfull uagb-is-root-container\"><div class=\"uagb-container-inner-blocks-wrap\">\n<div class=\"wp-block-uagb-advanced-heading uagb-block-7b28a624\"><h2 class=\"uagb-heading-text\">M\u00e5let er krystalklart<\/h2><p class=\"uagb-desc-text\">Vi definerer m\u00e5lbare succeskriterier, s\u00e5 effekten af enhver investering kan dokumenteres sort p\u00e5 hvidt.<\/p><\/div>\n<\/div><\/div>\n\n\n\n<div class=\"wp-block-uagb-container uagb-block-2375f4f7 alignfull uagb-is-root-container\"><div class=\"uagb-container-inner-blocks-wrap\">\n<div class=\"wp-block-uagb-advanced-heading uagb-block-82e1a3ee\"><h2 class=\"uagb-heading-text\">Risikoen er minimeret<\/h2><p class=\"uagb-desc-text\">Ved at have en fuldst\u00e6ndig klar k\u00f8replan, f\u00f8r den f\u00f8rste krone investeres i teknologi, fjerner vi g\u00e6tv\u00e6rk og undg\u00e5r dyre fejltagelser.<\/p><\/div>\n<\/div><\/div>\n<\/div>\n<\/div>\n<\/div><\/div>\n\n\n\n<div class=\"wp-block-uagb-container uagb-block-370e98c4 alignfull uagb-is-root-container\"><div class=\"uagb-container-inner-blocks-wrap\">\n<div class=\"wp-block-uagb-advanced-heading uagb-block-754a3015\"><h2 class=\"uagb-heading-text\">F\u00e5 Radaren: Dit Strategiske Overblik<\/h2><p class=\"uagb-desc-text\">Modtag vores m\u00e5nedlige briefing direkte i din indbakke. Vi analyserer de afg\u00f8rende politiske, teknologiske og finansielle forskydninger og overs\u00e6tter dem til konkret, handlingsorienteret indsigt for dig som ejerleder. Tag kontrol ved at se, hvad der kommer.<\/p><\/div>\n\n\n\n<div class=\"wp-block-uagb-forms uagb-forms__outer-wrap uagb-block-c6598e56 uagb-forms__medium-btn\"><form class=\"uagb-forms-main-form\" method=\"post\" autocomplete=\"on\" name=\"uagb-form-c6598e56\">\n<div class=\"wp-block-uagb-forms-name uagb-forms-name-wrap uagb-forms-field-set uagb-block-58a3744c\"><div class=\"uagb-forms-name-label required uagb-forms-input-label\" id=\"58a3744c\">Name<\/div><input type=\"text\" placeholder=\"John Doe\" required class=\"uagb-forms-name-input uagb-forms-input\" name=\"58a3744c\" autocomplete=\"name\"\/><\/div>\n\n\n\n<div class=\"wp-block-uagb-forms-email uagb-forms-email-wrap uagb-forms-field-set uagb-block-a955524f\"><div class=\"uagb-forms-email-label  uagb-forms-input-label\" id=\"a955524f\">Email<\/div><input type=\"email\" class=\"uagb-forms-email-input uagb-forms-input\" placeholder=\"example@mail.com\" name=\"a955524f\" autocomplete=\"email\"\/><\/div>\n<div class=\"uagb-forms-form-hidden-data\"><input type=\"hidden\" class=\"uagb_forms_form_label\" value=\"Spectra Form\"\/><input type=\"hidden\" class=\"uagb_forms_form_id\" value=\"uagb-form-c6598e56\"\/><\/div><div class=\"uagb-form-reacaptcha-error-c6598e56\"><\/div><div class=\"uagb-forms-main-submit-button-wrap wp-block-button\"><button class=\"uagb-forms-main-submit-button wp-block-button__link\"><div class=\"uagb-forms-main-submit-button-text\">Submit<\/div><\/button><\/div><\/form><div class=\"uagb-forms-success-message-c6598e56 uagb-forms-submit-message-hide\"><span>The form has been submitted successfully!<\/span><\/div><div class=\"uagb-forms-failed-message-c6598e56 uagb-forms-submit-message-hide\"><span>There has been some error while submitting the form. Please verify all form fields again.<\/span><\/div><\/div>\n<\/div><\/div>\n\n\n\n<div class=\"wp-block-uagb-container uagb-block-d7a84459 alignfull uagb-is-root-container\"><div class=\"uagb-container-inner-blocks-wrap\"><\/div><\/div>\n","protected":false},"excerpt":{"rendered":"<p>N\u00e5r ansvaret vokser, men overblikket svinder\u2026 Den moderne virksomhedsleder navigerer i et konstant krydspres. Nye teknologier skaber muligheder, men ogs\u00e5 [&hellip;]<\/p>\n","protected":false},"author":1,"featured_media":0,"parent":0,"menu_order":0,"comment_status":"closed","ping_status":"closed","template":"","meta":{"_uag_custom_page_level_css":"","site-sidebar-layout":"default","site-content-layout":"","ast-site-content-layout":"default","site-content-style":"default","site-sidebar-style":"default","ast-global-header-display":"","ast-banner-title-visibility":"","ast-main-header-display":"","ast-hfb-above-header-display":"","ast-hfb-below-header-display":"","ast-hfb-mobile-header-display":"","site-post-title":"disabled","ast-breadcrumbs-content":"","ast-featured-img":"","footer-sml-layout":"","theme-transparent-header-meta":"","adv-header-id-meta":"","stick-header-meta":"","header-above-stick-meta":"","header-main-stick-meta":"","header-below-stick-meta":"","astra-migrate-meta-layouts":"default","ast-page-background-enabled":"default","ast-page-background-meta":{"desktop":{"background-color":"var(--ast-global-color-5)","background-image":"","background-repeat":"repeat","background-position":"center center","background-size":"auto","background-attachment":"scroll","background-type":"","background-media":"","overlay-type":"","overlay-color":"","overlay-opacity":"","overlay-gradient":""},"tablet":{"background-color":"","background-image":"","background-repeat":"repeat","background-position":"center center","background-size":"auto","background-attachment":"scroll","background-type":"","background-media":"","overlay-type":"","overlay-color":"","overlay-opacity":"","overlay-gradient":""},"mobile":{"background-color":"","background-image":"","background-repeat":"repeat","background-position":"center center","background-size":"auto","background-attachment":"scroll","background-type":"","background-media":"","overlay-type":"","overlay-color":"","overlay-opacity":"","overlay-gradient":""}},"ast-content-background-meta":{"desktop":{"background-color":"var(--ast-global-color-4)","background-image":"","background-repeat":"repeat","background-position":"center center","background-size":"auto","background-attachment":"scroll","background-type":"","background-media":"","overlay-type":"","overlay-color":"","overlay-opacity":"","overlay-gradient":""},"tablet":{"background-color":"var(--ast-global-color-4)","background-image":"","background-repeat":"repeat","background-position":"center center","background-size":"auto","background-attachment":"scroll","background-type":"","background-media":"","overlay-type":"","overlay-color":"","overlay-opacity":"","overlay-gradient":""},"mobile":{"background-color":"var(--ast-global-color-4)","background-image":"","background-repeat":"repeat","background-position":"center center","background-size":"auto","background-attachment":"scroll","background-type":"","background-media":"","overlay-type":"","overlay-color":"","overlay-opacity":"","overlay-gradient":""}},"footnotes":""},"class_list":["post-2811","page","type-page","status-publish","hentry"],"uagb_featured_image_src":{"full":false,"thumbnail":false,"medium":false,"medium_large":false,"large":false,"1536x1536":false,"2048x2048":false},"uagb_author_info":{"display_name":"admin","author_link":"https:\/\/northarete.com\/index.php\/author\/admin\/"},"uagb_comment_info":0,"uagb_excerpt":"N\u00e5r ansvaret vokser, men overblikket svinder\u2026 Den moderne virksomhedsleder navigerer i et konstant krydspres. Nye teknologier skaber muligheder, men ogs\u00e5 [&hellip;]","_links":{"self":[{"href":"https:\/\/northarete.com\/index.php\/wp-json\/wp\/v2\/pages\/2811","targetHints":{"allow":["GET"]}}],"collection":[{"href":"https:\/\/northarete.com\/index.php\/wp-json\/wp\/v2\/pages"}],"about":[{"href":"https:\/\/northarete.com\/index.php\/wp-json\/wp\/v2\/types\/page"}],"author":[{"embeddable":true,"href":"https:\/\/northarete.com\/index.php\/wp-json\/wp\/v2\/users\/1"}],"replies":[{"embeddable":true,"href":"https:\/\/northarete.com\/index.php\/wp-json\/wp\/v2\/comments?post=2811"}],"version-history":[{"count":8,"href":"https:\/\/northarete.com\/index.php\/wp-json\/wp\/v2\/pages\/2811\/revisions"}],"predecessor-version":[{"id":3071,"href":"https:\/\/northarete.com\/index.php\/wp-json\/wp\/v2\/pages\/2811\/revisions\/3071"}],"wp:attachment":[{"href":"https:\/\/northarete.com\/index.php\/wp-json\/wp\/v2\/media?parent=2811"}],"curies":[{"name":"wp","href":"https:\/\/api.w.org\/{rel}","templated":true}]}}